{"id":36,"date":"2024-02-15T11:49:33","date_gmt":"2024-02-15T11:49:33","guid":{"rendered":"https:\/\/socios.iberalex.eu\/?page_id=36"},"modified":"2024-03-07T17:49:33","modified_gmt":"2024-03-07T17:49:33","slug":"socios","status":"publish","type":"page","link":"https:\/\/socios.iberalex.eu\/","title":{"rendered":"SOCIOS"},"content":{"rendered":"\t\t<div data-elementor-type=\"wp-page\" data-elementor-id=\"36\" class=\"elementor elementor-36\">\n\t\t\t\t<div class=\"elementor-element elementor-element-737ab9a e-flex e-con-boxed e-con e-parent\" data-id=\"737ab9a\" data-element_type=\"container\">\n\t\t\t\t\t<div class=\"e-con-inner\">\n\t\t\t\t<div class=\"elementor-element elementor-element-3afa7e1 elementor-widget elementor-widget-heading\" data-id=\"3afa7e1\" data-element_type=\"widget\" data-widget_type=\"heading.default\">\n\t\t\t\t<div class=\"elementor-widget-container\">\n\t\t\t\t\t<h2 class=\"elementor-heading-title elementor-size-default\">SOCIOS<\/h2>\t\t\t\t<\/div>\n\t\t\t\t<\/div>\n\t\t\t\t\t<\/div>\n\t\t\t\t<\/div>\n\t\t<div class=\"elementor-element elementor-element-147c980 e-flex e-con-boxed e-con e-parent\" data-id=\"147c980\" data-element_type=\"container\" data-settings=\"{&quot;background_background&quot;:&quot;classic&quot;}\">\n\t\t\t\t\t<div class=\"e-con-inner\">\n\t\t<div class=\"elementor-element elementor-element-9a6bbbd e-con-full e-flex e-con e-child\" data-id=\"9a6bbbd\" data-element_type=\"container\">\n\t\t\t\t<div class=\"elementor-element elementor-element-ee3cbf5 elementor-widget elementor-widget-text-editor\" data-id=\"ee3cbf5\" data-element_type=\"widget\" data-widget_type=\"text-editor.default\">\n\t\t\t\t<div class=\"elementor-widget-container\">\n\t\t\t\t\t\t\t\t\t<p><strong><span style=\"color: #ffffff;\">CONTACTO\u00a0<\/span><\/strong><\/p><p><strong style=\"font-size: inherit; text-align: var(--text-align);\"><span style=\"color: #ffffff;\"><a href=\"mailto:info@iberalex.eu\" target=\"_blank\" rel=\"noopener\" style=\"color: #ffffff;\">info@iberalex.eu<\/a><\/span><\/strong><\/p><p><a href=\"https:\/\/www.instagram.com\/iberalex_poctep\/\" target=\"_blank\" rel=\"noopener\"><img decoding=\"async\" src=\"http:\/\/iberalex.eu\/wp-content\/uploads\/2023\/11\/Mesa-de-trabajo-4.png\" alt=\"\" width=\"37\" height=\"33\" class=\"alignnone wp-image-897\" \/><\/a> <a href=\"https:\/\/twitter.com\/Iberalex_Poctep\" target=\"_blank\" rel=\"noopener\"><img decoding=\"async\" src=\"http:\/\/iberalex.eu\/wp-content\/uploads\/2023\/11\/Mesa-de-trabajo-5.png\" alt=\"\" width=\"37\" height=\"35\" class=\"alignnone wp-image-896\" \/><\/a> <a href=\"https:\/\/www.youtube.com\/channel\/UCwCjdgymY8MKPPVUC15hbSw\" target=\"_blank\" rel=\"noopener\"><img decoding=\"async\" src=\"http:\/\/iberalex.eu\/wp-content\/uploads\/2023\/11\/Mesa-de-trabajo-3.png\" alt=\"\" width=\"37\" height=\"37\" class=\"alignnone wp-image-898\" \/><\/a> <a href=\"https:\/\/www.facebook.com\/profile.php?id=61554753975268\" target=\"_blank\" rel=\"noopener\"><img loading=\"lazy\" decoding=\"async\" src=\"http:\/\/iberalex.eu\/wp-content\/uploads\/2023\/11\/Mesa-de-trabajo-2-1.png\" alt=\"\" width=\"37\" height=\"37\" class=\"alignnone wp-image-899\" \/><\/a><\/p>\t\t\t\t\t\t\t\t<\/div>\n\t\t\t\t<\/div>\n\t\t\t\t<\/div>\n\t\t<div class=\"elementor-element elementor-element-56ac89b e-con-full e-flex e-con e-child\" data-id=\"56ac89b\" data-element_type=\"container\">\n\t\t\t\t<div class=\"elementor-element elementor-element-dc04ded elementor-widget elementor-widget-text-editor\" data-id=\"dc04ded\" data-element_type=\"widget\" data-widget_type=\"text-editor.default\">\n\t\t\t\t<div class=\"elementor-widget-container\">\n\t\t\t\t\t\t\t\t\t<p><span style=\"color: #ffffff;\"><strong>ENLACES DE INTER\u00c9S<\/strong><\/span><\/p><p><strong>LIGA\u00c7\u00d5ES DE INTERESSE<\/strong><\/p><p><span style=\"color: #ffffff;\"><strong>\u00a0<\/strong><\/span><\/p>\t\t\t\t\t\t\t\t<\/div>\n\t\t\t\t<\/div>\n\t\t\t\t<\/div>\n\t\t<div class=\"elementor-element elementor-element-cbcfe60 e-con-full e-flex e-con e-child\" data-id=\"cbcfe60\" data-element_type=\"container\">\n\t\t\t\t<div class=\"elementor-element elementor-element-18c3188 elementor-widget elementor-widget-text-editor\" data-id=\"18c3188\" data-element_type=\"widget\" data-widget_type=\"text-editor.default\">\n\t\t\t\t<div class=\"elementor-widget-container\">\n\t\t\t\t\t\t\t\t\t<p><img loading=\"lazy\" decoding=\"async\" src=\"http:\/\/iberalex.eu\/wp-content\/uploads\/2023\/11\/Captura-de-pantalla-2023-11-22-a-las-3.41.49-300x201.png\" alt=\"\" width=\"113\" height=\"76\" class=\"aligncenter\"><\/p>\n<p><span style=\"color: #ffffff;\">Esta web ha sido cofinanciada por el Fondo Europeo Regional &#8211; FEDER a trav\u00e9s del Programa Interreg VI-A Espa\u00f1a-Portugal (POCTEP) 2021 &#8211; 2027.<\/span><\/p>\n<p><span style=\"color: #ffffff; text-align: var(--text-align);\">Programa Operativo de Cooperaci\u00f3n transfronterizo Espa\u00f1a \u2013 Portugal.<\/span><\/p>\n<p>&#8212;&#8212;&#8212;&#8211;<\/p>\n<p><span style=\"color: #ffffff;\">Este site foi cofinanciado pelo Fundo Europeu de Desenvolvimento Regional (FEDER) atrav\u00e9s do Programa Interreg V &#8211; Espanha-Portugal <\/span><span style=\"color: #ffffff;\">(POCTEP) 2023-2027.<\/span><\/p>\n<p><span style=\"color: #ffffff;\">O Programa Operacional de Coopera\u00e7\u00e3o Transfronteiri\u00e7a Espanha-Portugal<\/span><\/p>\n<p><span style=\"color: #ffffff;\">&nbsp;<\/span><\/p>\t\t\t\t\t\t\t\t<\/div>\n\t\t\t\t<\/div>\n\t\t\t\t<\/div>\n\t\t\t\t\t<\/div>\n\t\t\t\t<\/div>\n\t\t<div class=\"elementor-element elementor-element-ddf0e30 e-flex e-con-boxed e-con e-parent\" data-id=\"ddf0e30\" data-element_type=\"container\">\n\t\t\t\t\t<div class=\"e-con-inner\">\n\t\t\t\t<div class=\"elementor-element elementor-element-5e3d2d9 elementor-widget elementor-widget-image\" data-id=\"5e3d2d9\" data-element_type=\"widget\" data-widget_type=\"image.default\">\n\t\t\t\t<div class=\"elementor-widget-container\">\n\t\t\t\t\t\t\t\t\t\t\t\t\t\t\t<img loading=\"lazy\" decoding=\"async\" width=\"750\" height=\"73\" src=\"https:\/\/socios.iberalex.eu\/wp-content\/uploads\/2024\/02\/LOGOS-SOCIOS-1-e1707999014149-1024x100.png\" class=\"attachment-large size-large wp-image-53\" alt=\"\" srcset=\"https:\/\/socios.iberalex.eu\/wp-content\/uploads\/2024\/02\/LOGOS-SOCIOS-1-e1707999014149-1024x100.png 1024w, https:\/\/socios.iberalex.eu\/wp-content\/uploads\/2024\/02\/LOGOS-SOCIOS-1-e1707999014149-300x29.png 300w, https:\/\/socios.iberalex.eu\/wp-content\/uploads\/2024\/02\/LOGOS-SOCIOS-1-e1707999014149-768x75.png 768w, https:\/\/socios.iberalex.eu\/wp-content\/uploads\/2024\/02\/LOGOS-SOCIOS-1-e1707999014149-1536x150.png 1536w, https:\/\/socios.iberalex.eu\/wp-content\/uploads\/2024\/02\/LOGOS-SOCIOS-1-e1707999014149-2048x201.png 2048w\" sizes=\"(max-width: 750px) 100vw, 750px\" \/>\t\t\t\t\t\t\t\t\t\t\t\t\t\t\t<\/div>\n\t\t\t\t<\/div>\n\t\t\t\t\t<\/div>\n\t\t\t\t<\/div>\n\t\t<div class=\"elementor-element elementor-element-61aa515 e-flex e-con-boxed e-con e-parent\" data-id=\"61aa515\" data-element_type=\"container\" data-settings=\"{&quot;background_background&quot;:&quot;classic&quot;}\">\n\t\t\t\t\t<div class=\"e-con-inner\">\n\t\t\t\t<div class=\"elementor-element elementor-element-658ea2b elementor-widget elementor-widget-text-editor\" data-id=\"658ea2b\" data-element_type=\"widget\" data-widget_type=\"text-editor.default\">\n\t\t\t\t<div class=\"elementor-widget-container\">\n\t\t\t\t\t\t\t\t\t<p><span style=\"color: #ffffff;\"><strong><a href=\"https:\/\/iberalex.eu\/politica_privacidad\/\" style=\"color: #ffffff;\">POL\u00cdTICA DE PRIVACIDAD\u00a0 \u00a0 \u00a0 \u00a0\u00a0<\/a> <a href=\"https:\/\/iberalex.eu\/privacy-policy\/\" style=\"color: #ffffff;\">|<\/a> \u00a0\u00a0 \u00a0 \u00a0<a href=\"https:\/\/iberalex.eu\/contacto\/\" style=\"text-align: var(--text-align); background-color: #1c3f5f; color: #ffffff;\">CONTACTO<\/a>\u00a0 \u00a0 \u00a0 \u00a0<a href=\"https:\/\/iberalex.eu\/privacy-policy\/\" style=\"text-align: var(--text-align); background-color: #1c3f5f; color: #ffffff; transition-property: all;\">| \u00a0 <\/a>\u00a0 \u00a0 \u00a0 0123_IBERALEX_6_E-<\/strong><\/span><\/p>\t\t\t\t\t\t\t\t<\/div>\n\t\t\t\t<\/div>\n\t\t\t\t\t<\/div>\n\t\t\t\t<\/div>\n\t\t\t\t<\/div>\n\t\t","protected":false},"excerpt":{"rendered":"<p>SOCIOS CONTACTO\u00a0 info@iberalex.eu ENLACES DE INTER\u00c9S LIGA\u00c7\u00d5ES DE INTERESSE \u00a0 Esta web ha sido cofinanciada por el Fondo Europeo Regional &#8211; FEDER a trav\u00e9s del Programa Interreg VI-A Espa\u00f1a-Portugal (POCTEP) 2021 &#8211; 2027. Programa Operativo de Cooperaci\u00f3n transfronterizo Espa\u00f1a \u2013 Portugal. &#8212;&#8212;&#8212;&#8211; Este site foi cofinanciado pelo Fundo Europeu de [&hellip;]<\/p>\n","protected":false},"author":1,"featured_media":0,"parent":0,"menu_order":0,"comment_status":"closed","ping_status":"closed","template":"page-templates\/template-pagebuilder-full-width.php","meta":{"footnotes":""},"class_list":["post-36","page","type-page","status-publish","hentry"],"_links":{"self":[{"href":"https:\/\/socios.iberalex.eu\/index.php\/wp-json\/wp\/v2\/pages\/36","targetHints":{"allow":["GET"]}}],"collection":[{"href":"https:\/\/socios.iberalex.eu\/index.php\/wp-json\/wp\/v2\/pages"}],"about":[{"href":"https:\/\/socios.iberalex.eu\/index.php\/wp-json\/wp\/v2\/types\/page"}],"author":[{"embeddable":true,"href":"https:\/\/socios.iberalex.eu\/index.php\/wp-json\/wp\/v2\/users\/1"}],"replies":[{"embeddable":true,"href":"https:\/\/socios.iberalex.eu\/index.php\/wp-json\/wp\/v2\/comments?post=36"}],"version-history":[{"count":31,"href":"https:\/\/socios.iberalex.eu\/index.php\/wp-json\/wp\/v2\/pages\/36\/revisions"}],"predecessor-version":[{"id":109,"href":"https:\/\/socios.iberalex.eu\/index.php\/wp-json\/wp\/v2\/pages\/36\/revisions\/109"}],"wp:attachment":[{"href":"https:\/\/socios.iberalex.eu\/index.php\/wp-json\/wp\/v2\/media?parent=36"}],"curies":[{"name":"wp","href":"https:\/\/api.w.org\/{rel}","templated":true}]}}